de j?
False
Let v(j) = 7*j**3 + 5*j**2 + 7*j + 120. Let t(d) = 6*d**3 + 4*d**2 + 6*d + 121. Let r(i) = 6*t(i) - 5*v(i). Does 18 divide r(0)?
True
Suppose 5992 = -0*g + 2*g - 4*a, 5*g + 3*a - 15019 = 0. Is 28 a factor of g?
False
Suppose 6*r = 24*r - 1458. Is r a multiple of 3?
True
Let w = -349 - -529. Does 30 divide w?
True
Suppose 4*c = u - 74, -5*u = -3*c - 336 + 17. Is u a multiple of 3?
False
Suppose 15 = 6*u - 3*u. Is 62/u - 2/5 a multiple of 5?
False
Suppose -28*q + 30*q + v = 3778, 2*v - 3776 = -2*q. Is q a multiple of 21?
True
Let z be (-1 + 1 - (-5 - -1)) + 119. Let o = -5 - -8. Suppose o*v - 93 = z. Does 24 divide v?
True
Suppose 4*k - 3*v - 11461 = 0, v + 5 = 2*v. Is k a multiple of 67?
False
Let j be (-1)/2*(17 + 1). Is -1 + (-6)/j + 1264/12 a multiple of 9?
False
Suppose 2*h + 2*t = 166, 0 = 5*h - 119*t + 114*t - 395. Is 9 a factor of h?
True
Suppose -n - 16 = 4*r, -6*n + r - 47 = -2*n. Let q = 16 + n. Suppose 0 = -q*h + 8*h - 72. Is h a multiple of 11?
False
Let i(w) = -4*w**2 + 2*w + 1. Let u be i(-3). Let k = -24 - u. Is k a multiple of 10?
False
Suppose -6*k + 12 = -2*k. Suppose 70 = k*b - 8. Suppose s - b = 7. Does 14 divide s?
False
Suppose f - 4*m - 3 - 32 = 0, 5*m - 20 = 0. Suppose u + 11 = -k + f, 0 = 3*k - 3*u - 102. Is 6 a factor of k?
False
Let q(s) = -s**2 + 11*s - 7. Let u be q(11). Let v(h) = -h**2 - 9*h - 14. Let j be v(u). Suppose 3*a = c + 2*c + 12, j = 3*a - 4*c - 9. Does 3 divide a?
False
Suppose 2*x + 270 = 4*r, 64 + 26 = r + 4*x. Suppose -s = d - r - 5, 87 = s - 5*d. Is s a multiple of 25?
False
Let m(l) = -1216*l**3 - 2*l**2 - 6*l - 4. Does 64 divide m(-1)?
True
Let r(c) = c**3 - 2*c**2 + 4*c + 18. Let d be r(-3). Let m(f) = -f**2 - 3*f - 1. Let v be m(-5). Let j = v - d. Is j a multiple of 24?
False
Let g = 14 - -38. Does 4 divide g?
True
Let y(m) = m**3 - 2*m**2 + m + 28. Let q be y(0). Is 13 a factor of (1560/q)/(-5)*-7?
True
Let o(y) = y**2 + 2*y - 3. Let z be o(2). Suppose z*s - 84 = 11*s. Is 7*13 - s/14 a multiple of 19?
False
Let j = -17 + 70. Suppose 2*i + j = 1. Is 2 a factor of 4/8 - i/4?
False
Suppose 954 = 96*r - 95*r. Does 28 divide r?
False
Suppose j = 6*j - 15. Let b(x) = 15*x**2 - x. Let t be b(-1). Let i = t - j. Is 4 a factor of i?
False
Suppose 64 = -3*b + 5*d, 4*b + 4*d + 19 = b. Let p = 7 - b. Is p a multiple of 20?
True
Let x = -46 - -194. Does 4 divide x?
True
Let w = 506 + -179. Is 16 a factor of w?
False
Suppose -3*d = 2*d + 3*f - 76, -4*f = 12. Let z = d - 17. Suppose 391 = 5*c + 4*s + 116, 4*c - s - 199 = z. Is 13 a factor of c?
False
Is 17 a factor of (-332)/(-6) - (-7 + 225/27)?
False
Suppose 20 = 7*v - 8. Is (1 + v + -4)*36 a multiple of 6?
True
Suppose -8*z = -10*z + 34. Let h(u) = 3*u + 15. Is h(z) a multiple of 10?
False
Let p(u) = -32*u - 191. Is 37 a factor of p(-21)?
True
Suppose 3*u + 8 - 36 = -5*k, -2*u - 4*k = -22. Let y be -21 + u + 5 + -7. Let z = 49 + y. Is 25 a factor of z?
False
Let l = 836 + -566. Suppose 0 = 5*s - 2*s - l. Suppose 3*f = s + 45. Is 15 a factor of f?
True
Is 5 a factor of ((-3)/((-6)/16))/(1/20)?
True
Let l = -85 - -84. Is 14 a factor of 2*l - ((-4 - 63) + -5)?
True
Is (-2)/((-12)/3918)*1 a multiple of 3?
False
Let v(c) = -c**2 - 5*c. Let u be v(-5). Let i(r) = r. Let k be i(3). Suppose 3*n + k*p - 267 = -u*n, -4*n + 2*p + 368 = 0. Is 23 a factor of n?
False
Suppose 9*s - 7*s - 3*p = 3564, -3582 = -2*s - 6*p. Is 21 a factor of s?
True
Let k be (-2)/(-4) - 2156/(-8). Suppose -5*x = x - k. Is x a multiple of 5?
True
Let s be -3*(-2)/18*9. Suppose 4*w - 3*y = 195, 0 = -w - 2*y + s*y + 49. Suppose 5*g - w = 2*g. Is 6 a factor of g?
False
Suppose -152*y = -155*y + 78. Does 13 divide y?
True
Suppose 0 = 6*o - 11*o - 10. Let c(w) = -19*w - 3. Let r(k) = 95*k + 14. Let x(y) = 11*c(y) + 2*r(y). Does 11 divide x(o)?
True
Let l be 1 + (-1 - -3 - 3). Let q be l/((-4)/1 - 0). Is q + (-9)/((-36)/80) a multiple of 20?
True
Suppose -58*j = -3*j - 142780. Does 59 divide j?
True
Let x be (64/24 + -2)/(1/(-3)). Let c = 21 + -15. Does 20 divide 171/c + 3/x?
False
Let h(w) = w**3 + 14*w**2 + 10*w - 15. Let b be h(-13). Suppose 20 - 6 = -z. Let i = z + b. Is 5 a factor of i?
True
Let x(k) = k**3 - 10*k**2 + 26*k + 7. Is 39 a factor of x(9)?
False
Let u = 5 + 7. Suppose u*c - 44 = 8*c. Is (-5)/(c/(-5) + 2) a multiple of 15?
False
Suppose 3*a + 5*i = 141, -2*a + 199 = 2*a + 3*i. Let z = a + -39. Does 13 divide z?
True
Does 49 divide -77*(-37 - -38)*(-35 + 0)?
True
Suppose -m - 4*v - 3 = 0, -3*v - 56 = -4*m - 2*v. Let n = 32 + 1. Let f = n - m. Is f a multiple of 16?
False
Let t(v) = 2*v**2 + 4*v - 19. Does 2 divide t(-6)?
False
Suppose -4*i - 4*m + 0 - 8 = 0, 5*i + m + 6 = 0. Is i + 48 + 9/3 a multiple of 5?
True
Suppose -3*t = -2*w - 0*t - 21, 0 = -3*w - 4*t - 74. Does 29 divide (w/8)/((-3)/228)?
False
Let g be 1/(-5) - 1/(-5). Suppose g = 10*i - 9*i - 27. Does 26 divide i?
False
Let s(x) = 1 + 4*x + 4 - 1 + 6. Suppose 0 = -k + 2 + 9. Is s(k) a multiple of 21?
False
Suppose 44 = -4*s - 2*y - 282, 2*y = 4*s + 314. Let j = 126 + s. Is j a multiple of 7?
False
Let y = -16 + 682. Is y a multiple of 37?
True
Let d = 1500 - 1438. Is d a multiple of 13?
False
Let w be 9/(-4) + 2/8. Suppose 0 = -2*j - 14 + 4, -4*j - 80 = m. Does 15 divide ((-1)/w)/((-1)/m)?
True
Let n = 138 - 90. Let r = n - 44. Does 4 divide r?
True
Let a(j) = -j**2 + 12*j + 2. Suppose 0 = -7*c + 3*c + 28. Is a(c) a multiple of 37?
True
Suppose 4*r - 15 = m, 5*r + 3*m - 40 = -0*r. Suppose -18 = -2*x + 4*w, -6*x = -5*x + r*w - 16. Is x even?
False
Suppose 11*o - 4648 + 1645 = 0. Is 3 a factor of o?
True
Let i(c) = -c**3 + 3*c**2 - c + 3. Let x be 3*(-1)/3*4. Let g be i(x). Let r = g + -56. Is 9 a factor of r?
True
Let v(g) = 2*g**3 + 21*g**2 - 13*g + 4. Let y(c) = -2*c**3 - 22*c**2 + 13*c - 5. Let u(r) = 7*v(r) + 6*y(r). Is 28 a factor of u(-6)?
False
Let f(s) = -s**2 - 13*s + 5. Let g be f(-13). Suppose g*o - 4*c = -3*c + 8, 3*c = -4*o + 14. Suppose -4*u - 14 = -o*h, 2*h + 3*h - 75 = 2*u. Does 9 divide h?
False
Let f be (-2 + -3 + 2)*5/(-3). Let j(h) = 12*h - 10. Does 7 divide j(f)?
False
Let c(r) = -482*r - 1. Let w be c(-1). Is (-2)/7 + w/91 a multiple of 2?
False
Let o(h) = -h**3 + 14*h**2 + 20*h + 8. Is o(14) a multiple of 24?
True
Suppose 0 = -2*j - 4, -j + 4 = 5*u - 3*j. Suppose u = -12*c + c + 1331. Is c a multiple of 7?
False
Let q be 26 + 0 - (-4)/(-2). Let m be (-8)/20*1 + 88/20. Let b = q + m. Is 28 a factor of b?
True
Let n = 2248 - 868. Does 12 divide n?
True
Let b(k) = -2*k**2 - 42*k + 12. Let l = -158 - -145. Does 10 divide b(l)?
True
Let z(l) = 9*l**3 + 3*l**2 + 7*l - 15. Does 4 divide z(3)?
True
Let g be 1/(((-4)/4)/(-16)). Suppose -g*a - 15 = -21*a. Is (a/6)/((-4)/(-32)) a multiple of 3?
False
Suppose -3*v = 2*v. Suppose v = 3*f - 0*f. Suppose a + a - 156 = f. Is a a multiple of 26?
True
Suppose -40*w = -39*w - 169. Does 13 divide w?
True
Let r be (2 + -5 + 3)/(5/5). Suppose -h + 4*h - 390 = r. Is h a multiple of 26?
True
Let v(l) = -l**3 + 10*l**2 - 6*l - 10. Suppose -3*n - x - 2*x = -21, 0 = 2*n - 4*x - 20. Is v(n) a multiple of 14?
True
Let n(j) = -j**2 + 16*j + 7. Let h be n(16). Suppose -y + 62 - h = 0. Is 14 a factor of y?
False
Let m = -47 - -329. Does 17 divide m?
False
Let b = 13 - 25. Let u be b/((-16)/(-6) + -3). Is 14 a factor of (-6)/u - 253/(-6)?
True
Let i(t) = -t**2 + 4. Let h be i(0). Let x(g) = -g**3 - g**2 + 4*g - 3. Let q be x(-3). Suppose w + 59 = q*a - 3*w, -h*a = -w - 57. Does 9 divide a?
False
Let d(p) = 30*p - 6. Is 18 a factor of d(12)?
False
Let f(j) = -2*j - 3. Let a be f(-7). Let o(t) = 3*t - 10. Let d be o(18). Does 23 divide (-1078)/(-8) + a/d?
False
Let a(f) = -61 + 30 - 10*f + 36. Is 10 a factor of a(-4)?
False
Let j(u) = -u**2 - 6*u + 3. Let f be j(-6). Suppose 6*d = f*d + 117. Is 3 a factor of d?
True
Suppose -67*s = -65*s - 1668. Is 20 a factor of s?
False
Let k = -1300 + -1724. Is ((-3)/((-9)/(-2)))/(56/k) a multiple of 8?
False
Let p(o) = -o**2 - 23*o + 25. Let z be p(-24). Is 92 + ((-8)/z)/(-2) a multiple of 20?
False
Suppose 0 = -7*x + 3*x + 2576. Is x a multiple of 23?
True
Suppose 315*s - 313*s - 108 = 0. Is 3 a factor of s?
True
Suppose -2*j = -7 - 23. Suppose 0 = q + j - 8. Let o(u) = u**2 - 2*u + 9. Does 24 divide o(q)?
True
Let x be 520/(-15)